et d(u) be the third derivative of 23*u**5/60 - u**4 + 83*u**3/6 - 28*u**2. Is d(-14) a prime number?
False
Suppose -2*g - 3*g = -700. Let u = -3134 + 2697. Let w = g - u. Is w composite?
False
Suppose -34*v + 3396257 = 857579. Is v a prime number?
False
Let v = -533 - -782. Suppose -j + 763 = 5*h - 2*h, -h + 5*j + v = 0. Is h a composite number?
True
Suppose 0 = 153*a - 169*a + 5595344. Is a a prime number?
True
Suppose 0 = -4*s + 5*t + 17183, -21480 = -s - 4*s + 5*t. Suppose -4*b + 1467 = -s. Is b prime?
False
Let w = 125237 - 65088. Is w a prime number?
True
Let m = 18 + -16. Suppose -i - 2*x = m*x - 58, 5*i - x = 206. Let d = i + 15. Is d a composite number?
True
Suppose 0 = -5*z - 3*j + 19, 3*z = 2*j - 0 + 19. Suppose 4*n = -z*k + 38605, 43*n - 38570 = -5*k + 46*n. Is k a prime number?
True
Let i(g) = 15*g**2 + 51*g - 179. Let k(j) = 3*j**2 + 10*j - 36. Let a(n) = -2*i(n) + 11*k(n). Is a(-21) composite?
False
Let s = 584 - 581. Suppose -4*v + b = -303744, 2*v + s*b = -14774 + 166632. Is v prime?
False
Let h(s) = 101*s + 61. Let p be h(20). Let q = p + 90. Is q a prime number?
False
Let w(c) = -202*c - 48*c + 44*c + 1. Let h(p) = -p + 3. Let m be h(5). Is w(m) composite?
True
Let s(q) = q**3 + 20*q**2 - 2011*q + 71. Is s(-41) prime?
True
Let f(d) = d**3 + 20*d**2 + 15*d + 13. Let x be (2/(-3))/((-21)/(-441)). Is f(x) a prime number?
False
Suppose 3*a - 16 = -a + 4*z, 5*z = -5. Suppose a*j - 4893 = -2*r, 4*r - 3*j = 3*r + 2469. Suppose -13*u + 19*u - r = 0. Is u a prime number?
True
Suppose -11 = -4*m - 31, 3*m - 37645 = -4*a. Suppose 9*r = 16*r - a. Is r composite?
True
Let l = 155651 - -147422. Is l a composite number?
False
Suppose 0 = 4*h + 4*l - 32248, -2*l + 7*l = -4*h + 32245. Let t be 47/1222 - (-932925)/182. Let z = h - t. Is z a prime number?
True
Let r = 57 + -362. Let y = 78 + r. Let z = 986 - y. Is z a composite number?
False
Is -1*((-183)/2196 + 19998707/(-12)) prime?
True
Let c(t) = t**2 - 9*t + 10. Let r be c(4). Let s be 4/r + ((-336)/(-10))/(-6). Is 9*(-3 + (-862)/s) - 4 composite?
True
Suppose 5*i = 3*i + 4978. Let h be ((280/12)/(-14))/((-3)/9). Suppose 490 = t + u + 2*u, h*t + 2*u = i. Is t composite?
False
Suppose 21*u - 12*u - 36747 = 36972. Is u prime?
True
Let h = -42 - -27. Let c(r) = 2*r**3 + 27*r**2 - 33*r + 43. Let k(z) = 3*z**3 + 41*z**2 - 50*z + 64. Let a(y) = -7*c(y) + 5*k(y). Is a(h) prime?
False
Let j = 42381 - 1600. Is j composite?
True
Let m(y) = -1143*y**3 + 22*y**2 + 20*y + 80. Is m(-7) composite?
True
Suppose 49*m - 3686476 = -90*m - 33*m. Is m composite?
False
Suppose 2*z + 192 = 2*q, 23*z - 18*z = -2*q - 452. Let d = z - -2245. Is d composite?
False
Let k be 48 + (-1 - 1) + -3. Suppose k = g + 28. Is g prime?
False
Suppose 2*q = -p + 19375, 0 = -0*q + q - 5*p - 9682. Suppose 0 = -8*l + 19777 + q. Is l a prime number?
False
Suppose 115*q + 2*q - 12656943 = 0. Is q a composite number?
False
Suppose -p - 35 = -40. Suppose -p*j - 705 + 3940 = 0. Suppose 0*d - 4*d - q + j = 0, -q + 808 = 5*d. Is d prime?
False
Suppose 8720 = -6*g + 35180. Suppose -3*v + 6619 = -o, 4*v - g = 2*v + 2*o. Is v prime?
True
Let j(b) be the third derivative of b**5/20 + b**4/2 + b**3/3 - 22*b**2. Let s be j(-4). Is (2 + -133)/((-2)/s) composite?
False
Let o = 233 - 236. Let g(f) = -41*f**3 - f**2 - 4*f - 7. Is g(o) composite?
False
Let l(q) = 1193*q. Let u(i) = -18*i + 55. Let y be u(3). Is l(y) prime?
True
Let s(w) = w**3 - 9*w**2 - 9*w + 10. Let d be s(10). Suppose -2*a - d*c + 16*c + 53638 = 0, 3*a - 2*c - 80457 = 0. Is a composite?
True
Let f be (-26 - -26)/(2*(0 - 1)). Suppose -2*k + 2 = f, 2*z + 2*k + 3*k + 11573 = 0. Let n = -3574 - z. Is n a prime number?
False
Is (-36)/27*(-261996)/112 a composite number?
False
Let m(t) = -1152*t**2 - 8*t + 18. Let j be m(2). Let s = 5152 + -7663. Let a = s - j. Is a prime?
False
Let c(p) = -31*p - 7. Let g be c(-4). Suppose -g*s = -108*s - 7389. Is s a prime number?
True
Let w(a) = 2*a**3 - 25*a**2 + 16*a + 1194. Is w(40) composite?
True
Is ((-361)/(-38))/((-8)/(-483932)) - 5/20 a composite number?
True
Let y(p) = -8*p**3 + 2*p**2 + p + 139. Is y(-10) prime?
True
Let d(m) = 2*m + 4. Let l be d(8). Let a(q) = -6*q**2 - 4*q - 2*q**2 - l + 5*q**2 - q**3 - 5*q**2. Is a(-13) a prime number?
True
Is 455093*(6 - 1 - (-4 - 1*-8)) a composite number?
False
Suppose -3*g - 231 = 2*w - 104731, 4*w = -5*g + 174164. Is 3/(18/g) - (-3)/3 composite?
False
Suppose -22262 = -2*w - 4*x, 0*w - w + 2*x = -11127. Suppose 12*n - 414 = -390. Suppose -2*m + n*b - 2057 = -w, 0 = -m + 3*b + 4538. Is m prime?
False
Suppose 0 = -56*c + 51*c - 4*o + 158803, 2*o = -6. Is c composite?
True
Let k = 110899 + -65900. Is k prime?
False
Suppose -7*d = -2*d + 2*d. Suppose h - 4*b - 6009 = d, b + 17401 = 4*h - 6710. Is h a composite number?
False
Suppose p + 2*x - 2227 = 0, 2*x + 0*x + 4460 = 2*p. Is (3420/(-27))/19*p/(-4) a prime number?
False
Suppose -z + 50223 = q - 5*z, -2*z + 8 = 0. Is q prime?
False
Let c = 247 - 234. Is (c + -2187)/((0 - -1)*-2) a composite number?
False
Let h(f) = -f**2 - 9*f - 5. Let x be h(-8). Let o(w) = 97*w**3 - 2*w**2 + 13*w - 9. Is o(x) a composite number?
True
Suppose -q - 2*w = 6, -5*w - 7 = -2*q + 17. Is q/((-4)/(-2)) + 210/1 a composite number?
False
Let m be ((-7)/(-3))/(-1*4/(-19128)). Suppose -5*q + 4*a = -7*q + m, -3*a + 27902 = 5*q. Is q a composite number?
False
Let j(n) = -57*n**2 + 9*n + 276949. Is j(0) prime?
True
Let j(n) = -927*n**3 - 3*n**2 - 92*n - 1209. Is j(-10) a prime number?
True
Let s = -435133 - -657624. Is s composite?
True
Let k be 6407 + (2/4)/((-19)/38). Is (k/12)/((-6)/(-36)) a composite number?
False
Let s(t) = 22*t**2 + 248*t - 79. Is s(52) a composite number?
True
Suppose 4*v - 20 = 2*u, -5*u + 4 = -3*v + 12. Suppose 2*w = -13 + 149. Suppose -2*g + w = -v. Is g prime?
True
Let n = -77442 - -167059. Is n a composite number?
True
Let k = 732 - 539. Suppose 0 = 7*b - 2*b + 480. Let f = b + k. Is f a composite number?
False
Let a = 70 - 68. Suppose 0 = a*w - 5*b - 16, -4*w = 5*b - 4 + 2. Suppose -w*h + 5*f = -2554, -9*h = -5*h + f - 3413. Is h prime?
True
Let f = 203 + -161. Let q = -81 - -45. Let t = f + q. Is t a prime number?
False
Let p(t) = 142*t - 269. Let h be p(44). Let j = h - 2333. Is j prime?
False
Let f(h) = 33*h**3 + 12*h**2 - 18*h - 11. Let u be f(6). Let d = u - -1302. Is d prime?
False
Suppose -16*h + 14*h = -20630. Let z = h - 6368. Is z a prime number?
True
Let v be (-1 - (-1 + 0))/2. Suppose 14*s - 13*s - 3 = v. Suppose 3*w + 3768 = s*z, z + 0*z + 4*w - 1241 = 0. Is z composite?
True
Let z be 410/4 - (-3)/(-6). Let g = -2374 - -2377. Suppose -2*o + 5*b + 286 = 0, 2*o + g*b - 184 = z. Is o a prime number?
False
Let m = 15 + -7. Let y(t) = -8 + 2*t + 7*t + 2*t**2 - 5. Is y(m) composite?
True
Let k = -68292 - -267397. Is k a composite number?
True
Suppose 20*a = 26*a + s - 131689, -21959 = -a + 2*s. Is a prime?
False
Suppose n + 0*b - 42462 = -b, 2*n + 4*b - 84914 = 0. Is n prime?
True
Is 91293/(-4 + -4*(-35)/20) a prime number?
True
Let f(t) = 3*t - 12. Let y be f(3). Let p be y/(12/8) - -3. Is ((-526)/(-10))/(p + (-8)/10) a prime number?
True
Let w be ((-3)/(-12))/(2/24). Suppose -w*q - 4*m + 12 = 0, 3*m + 0 + 4 = q. Suppose -4*n = g - 2*g + 139, -q*g = 2*n - 502. Is g a composite number?
False
Let q(i) = -12*i - 30. Let v be q(-7). Suppose 5*y - 2*n = 4 + 41, -4*y + v = 2*n. Suppose -3*o + y*o = 2008. Is o prime?
True
Suppose 138*r + 170*r + 10092911 = 41200603. Is r composite?
False
Let n(a) = 5302*a - 4467. Is n(4) a prime number?
True
Let n(h) = 786*h**2 + 137*h + 51. Is n(10) composite?
False
Suppose 0 = u + y - 1690, -4*u - 8453 = -9*u - 2*y. Is u prime?
False
Is 4 + (3 - -2 - ((-146173 - -12) + 9)) a prime number?
True
Let j = 303182 - 202905. Is j a composite number?
True
Suppose -13*j = 34*j - 296053. Is j a composite number?
False
Is ((-330)/44)/(-3)*320228/10 a composite number?
True
Let t = 62 - 56. Let s(q) = 168*q - 19. Let i be s(t). Suppose -3*r = 2*f - i, -r - 4*f - 119 = -442. Is r a composite number?
False
Let u(i) = -i**2 + 2*i + 17. Let a(y) = y**2 - y - 17. Let x(v) = -4*a(v) - 5*u(v). Suppose 13 = 80*h + 839 + 294. Is x(h) a composite number?
False
Let f(l) = 3027*l + 947. Is f(8) prime?
True
Let i(h) = -116*h + 87. Let